 base 14
-9451a
What is 828a6 (base 16) in base 11?
3357a6
Convert 210101220 (base 4) to base 7.
1156122
100102012020 (base 3) to base 14
4b763
3253524 (base 7) to base 3
202022111120
Convert -25852 (base 15) to base 7.
-1006601
1110002333 (base 4) to base 10
344255
Convert 31204763 (base 8) to base 14.
c45215
What is -2094a (base 12) in base 15?
-ca51
Convert -3384b (base 14) to base 8.
-364273
-166736 (base 9) to base 16
-193dd
What is 20211010212 (base 3) in base 6?
2513252
What is 135445410 (base 6) in base 12?
b26866
Convert -116218 (base 9) to base 12.
-3472b
Convert 65484 (base 15) to base 6.
10521041
What is -842365 (base 9) in base 12?
-2016b8
5091a2 (base 15) to base 13
a4028b
What is -54616323 (base 7) in base 14?
-8a27ba
What is -102335 (base 12) in base 6?
-5230105
1213101103 (base 4) to base 10
422995
-1630824 (base 9) to base 13
-259561
-140525601 (base 7) to base 9
-18185166
Convert -2030302204 (base 5) to base 11.
-2385204
What is 2054b09 (base 14) in base 13?
3215a35
-200133232312 (base 4) to base 6
-502325514
What is 1515655 (base 11) in base 10?
2598898
Convert -7214472 (base 8) to base 13.
-51a006
Convert 35890 (base 11) to base 3.
2121211210
-27307084 (base 9) to base 8
-63301277
What is 704682 (base 9) in base 8?
1456063
What is 33c31 (base 13) in base 15?
1ce47
Convert 2450302 (base 7) to base 10.
314680
-a2298 (base 12) to base 11
-134769
Convert 81801 (base 11) to base 8.
351204
Convert -343344334 (base 5) to base 2.
-101111000111000100111
Convert 299ca38 (base 13) to base 6.
1152351205
1b402e (base 15) to base 5
320023134
What is 69484 (base 12) in base 5?
14000034
Convert 92357 (base 10) to base 6.
1551325
Convert -71700645 (base 8) to base 12.
-50b8119
Convert 11301123332 (base 4) to base 12.
60b852
Convert -26685 (base 11) to base 15.
-b442
What is 218a047 (base 13) in base 12?
3536518
12212201102 (base 3) to base 6
2251402
What is 1511452 (base 7) in base 5?
23022121
540aa8 (base 12) to base 11
828284
-156188 (base 14) to base 3
-1101221020222
Convert -131517 (base 8) to base 10.
-45903
Convert -894197 (base 10) to base 3.
-1200102121102
396231 (base 12) to base 9
1687601
6115373 (base 8) to base 16
189afb
Convert -8e9b5 (base 15) to base 8.
-1567455
What is -2447176 (base 9) in base 13?
-37782c
Convert -121200120121 (base 3) to base 5.
-41002341
4804b (base 14) to base 16
2ae43
Convert -343302342 (base 5) to base 11.
-962834
202978 (base 15) to base 14
2baa10
What is 102321221230 (base 4) in base 10?
4954732
What is -27d8b0 (base 14) in base 15?
-1c4704
-33110411 (base 5) to base 12
-118baa
Convert 59096 (base 10) to base 14.
17772
19381168 (base 10) to base 12
65a7b54
What is 29c49 (base 13) in base 5?
10011414
-13a885 (base 13) to base 11
-2a8a34
100200010100 (base 3) to base 9
320110
Convert 3232300103 (base 4) to base 3.
1211200110222
113421 (base 6) to base 11
746a
What is -587387 (base 10) in base 5?
-122244022
Convert -13920 (base 12) to base 16.
-6a68
Convert 46311c (base 15) to base 2.
1100110010010001001011
678376 (base 9) to base 10
406365
What is 3247007 (base 11) in base 9?
11654305
Convert -102202010102 (base 3) to base 5.
-24344220
Convert 34405435 (base 7) to base 14.
58511c
What is -20b5a3 (base 15) in base 5?
-344312103
-228263 (base 14) to base 6
-41103223
Convert -1010011100100101001101 (base 2) to base 5.
-1200113014
Convert 11c022 (base 15) to base 8.
3175144
What is 4114284 (base 9) in base 5?
1030211103
Convert 11bb96 (base 16) to base 2.
100011011101110010110
Convert -15713d (base 14) to base 9.
-1361835
Convert -11202030031 (base 4) to base 11.
-900a88
What is 211210100121 (base 3) in base 11?
287043
Convert -23414350 (base 6) to base 14.
-151306
Convert -2050676 (base 11) to base 2.
-1101110011000101110000
-22131 (base 4) to base 12
-479
What is -a57894 (base 12) in base 14?
-4bb692
7e13 (base 15) to base 11
19148
13201021330 (base 4) to base 7
22515544
Convert -32765 (base 11) to base 4.
-23212033
What is 21431204 (base 5) in base 7?
1404345
23aac9 (base 13) to base 4
3100001332
What is -356886 (base 10) in base 6?
-11352130
-2766f (base 16) to base 9
-265343
What is 166251 (base 8) in base 5?
3414320
Convert 43795 (base 14) to base 13.
594b2
What is 11100000101101101010 (base 2) in base 15?
132abb
-1311012122 (base 4) to base 10
-479642
Convert -133011110211 (base 4) to base 14.
-11216a9
Convert -12304011 (base 5) to base 3.
-20001120220
What is -4055035 (base 6) in base 5?
-22203312
-5acd4 (base 16) to base 12
-15b298
What is -561404 (base 7) in base 4?
-120022220
What is 84186 (base 12) in base 2?
101010001111110110
10110100011000110111110 (base 2) to base 7
101146106
What is 100101000000010 (base 2) in base 4?
10220002
What is 134a9 (base 14) in base 7?
255502
-744234 (base 8) to base 10
-247964
What is 33ba43 (base 12) in base 5?
203013303
1111100100111110 (base 2) to base 4
33210332
What is -110010001100011001101 (base 2) in base 15?
-2274ee
Convert 515440500 (base 6) to base 9.
17747020
Convert -427256 (base 9) to base 11.
-164346
Convert -6355401 (base 7) to base 3.
-1110010120010
What is -156051026 (base 7) in base 5?
-10203211103
What is 242575 (base 8) in base 7?
464634
Convert 2e3e35 (base 15) to base 8.
10430471
Convert 30000310 (base 4) to base 15.
e8a4
138608 (base 9) to base 12
41282
161ba6 (base 12) to base 9
633640
What is 3164458 (base 9) in base 10?
1696031
Convert -63c7 (base 13) to base 5.
-420402
What is 207104 (base 9) in base 15?
267e1
What is -3055413 (base 6) in base 7?
-1153362
What is 4cda19 (base 14) in base 6?
132444131
What is -59f50 (base 16) in base 12?
-159294
What is 252269 (base 10) in base 7?
2100323
-143e03 (base 15) to base 5
-222201103
Convert -3cbc1 (base 13) to base 4.
-123312033
58737 (base 13) to base 4
213131022
What is -427946 (base 10) in base 4?
-1220132222
-13266c8 (base 14) to base 9
-18338612
Convert 36617 (base 8) to base 16.
3d8f
5401023 (base 6) to base 3
111102222120
What is 55476 (base 10) in base 6?
1104500
What is -11100122022 (base 3) in base 8?
-247400
Convert 6342c (base 13) to base 7.
1342623
Convert 4042233343 (base 5) to base 14.
1127756
110001010000100101 (base 2) to base 10
201765
1c1a0 (base 16) to base 13
40512
Convert 158085 (base 9) to base 6.
2032335
Convert ba67 (base 13) to base 5.
1312232
-22104110 (base 5) to base 15
-3b98a
420741a (base 12) to base 14
1922a46
Convert 7c242 (base 13) to base 10.
226683
-4a6327 (base 14) to base 12
-a311bb
-421310 (base 6) to base 15
-a136
What is -1120033201 (base 4) in base 2?
-1011000001111100001
2022001221 (base 3) to base 13
1779a
-ea51 (base 16) to base 13
-213c3
Convert 4023430 (base 5) to base 11.
442a0
Convert 101110011000011101 (base 2) to base 5.
22034411
-a66c4 (base 14) to base 12
-174758
What is 6282330 (base 9) in base 12?
1161000
What is 23340 (base 13) in base 9?
107143
10122110222 (base 3) to base 12
35668
14d436 (base 14) to base 16
b1bb8
What is -22132202000 (base 4) in base 10?
-2746496
Convert 1101010011110011111101 (base 2) to base 12.
1203139
-11113310102 (base 4) to base 3
-2122112210022
-36b91 (base 12) to base 2
-10010001000011101
What is 9fb38 (base 16) in base 14?
130560
Convert -957e (base 15) to base 10.
-31619
Convert 34020410 (base 5) to base 10.
298230
-112221013220 (base 4) to base 5
-3004414332
Convert 279333 (base 13) to base 2.
11101011000100010011
7e0c2a (base 16) to base 5
4103320100
2104023443 (base 5) to base 12
156396b
-200203 (base 7) to base 4
-20032303
What is 62311 (base 11) in base 5?
10402013
What is -1b23ba (base 15) in base 2?
-101000011001101001010
-1319c86 (base 14) to base 3
-122022211210220
Convert -3231333102 (base 4) to base 5.
-222143202
What is 1750337 (base 13) in base 12?
2650402
-213231012231 (base 4) to base 11
-5969a60
Convert 4a823 (base 16) to base 11.
199323
What is 808098 (base 11) in base 4?
10331023123
506025 (base 15) to base 4
32203323020
-1c680a (base 13) to base 7
-6123052
Convert 39d69 (base 15) to base 16.
2d3ba
-133332433 (base 7) to base 5
-4203200112
-1210120222122 (base 3) to base 15
-13d5c8
Convert -1110110100000000011 (base 2) to base 5.
-111013004
222111210122002 (base 3) to base 2
110101101111101110011011
-1341162 (base 11) to base 7
-25450453
What is 1327135 (base 8) in base 12?
15b565
Con